{"id":37,"date":"2023-07-12T05:59:34","date_gmt":"2023-07-12T05:59:34","guid":{"rendered":"http:\/\/ontech-demo.local\/?page_id=37"},"modified":"2023-07-12T05:59:34","modified_gmt":"2023-07-12T05:59:34","slug":"blog","status":"publish","type":"page","link":"https:\/\/se-lotus.vn\/index.php\/blog\/","title":{"rendered":"Blog"},"content":{"rendered":"\t\t<div data-elementor-type=\"wp-page\" data-elementor-id=\"37\" class=\"elementor elementor-37\">\n\t\t\t\t\t\t<section class=\"elementor-section elementor-top-section elementor-element elementor-element-ef1e269 elementor-section-full_width elementor-section-height-default elementor-section-height-default\" data-id=\"ef1e269\" data-element_type=\"section\">\n\t\t\t\t\t\t<div class=\"elementor-container elementor-column-gap-no\">\n\t\t\t\t\t<div class=\"elementor-column elementor-col-100 elementor-top-column elementor-element elementor-element-257cd6e\" data-id=\"257cd6e\" data-element_type=\"column\">\n\t\t\t<div class=\"elementor-widget-wrap elementor-element-populated\">\n\t\t\t\t\t\t<div class=\"elementor-element elementor-element-57645da elementor-widget elementor-widget-ontech-blog\" data-id=\"57645da\" data-element_type=\"widget\" data-widget_type=\"ontech-blog.default\">\n\t\t\t\t<div class=\"elementor-widget-container\">\n\t\t\t\r\n\t<!--Start Blog One-->\r\n\t<section class=\"blog-one blog-one--blog\">\r\n\t\t<div class=\"container\">\r\n\t\t\t<div class=\"row\">\r\n\t\t\t\t\t\t\t\t\t\t\t\t\t<!--Start Blog One Single-->\r\n\t\t\t\t\t<div class=\"col-xl-4 col-lg-4 wow fadeInUp\" data-wow-delay=\".3s\">\r\n\t\t\t\t\t\t<div class=\"blog-one__single\">\r\n\t\t\t\t\t\t\t<div class=\"blog-one__single-img\">\r\n\t\t\t\t\t\t\t\t<img fetchpriority=\"high\" decoding=\"async\" width=\"370\" height=\"290\" src=\"https:\/\/se-lotus.vn\/wp-content\/uploads\/2026\/02\/IMG_3892-370x290.jpg\" class=\"attachment-ontech_blog_370X290 size-ontech_blog_370X290 wp-post-image\" alt=\"T\u1eeb \u201c\u00fd t\u01b0\u1edfng hay\u201d \u0111\u1ebfn \u201cdoanh nghi\u1ec7p s\u1ed1ng \u0111\u01b0\u1ee3c\u201d: Kho\u1ea3ng tr\u1ed1ng m\u00e0 ph\u1ea7n l\u1edbn startup kh\u00f4ng nh\u00ecn th\u1ea5y\" \/>\t\t\t\t\t\t\t\t\t\t\t\t\t\t\t\t\t<div class=\"text-box\">Tin t\u1ee9c<\/div>\r\n\t\t\t\t\t\t\t\t\t\t\t\t\t\t\t<\/div>\r\n\t\t\t\t\t\t\t<div class=\"blog-one__single-content\">\r\n\t\t\t\t\t\t\t\t<ul class=\"meta-box ml-0\">\r\n\t\t\t\t\t\t\t\t\t<li>\r\n\t\t\t\t\t\t\t\t\t\t<span class=\"byline\"><i class=\"ontech-icons-two-user\"><\/i> <span><a class=\"url fn n\" href=\"https:\/\/se-lotus.vn\/index.php\/author\/hotung\/\">By H\u1ed3 T\u00f9ng<\/a><\/span><\/span>\t\t\t\t\t\t\t\t\t<\/li>\r\n\r\n\t\t\t\t\t\t\t\t\t<li>\r\n\t\t\t\t\t\t\t\t\t\t<span class=\"comments-link\"><i class=\"ontech-icons-two-chat\"><\/i> <a href=\"https:\/\/se-lotus.vn\/index.php\/2026\/02\/22\/tu-y-tuong-hay-den-doanh-nghiep-song-duoc-khoang-trong-ma-phan-lon-startup-khong-nhin-thay\/#respond\">No Comment<span class=\"screen-reader-text\"> on T\u1eeb \u201c\u00dd T\u01b0\u1edfng Hay\u201d \u0110\u1ebfn \u201cDoanh Nghi\u1ec7p S\u1ed1ng \u0110\u01b0\u1ee3c\u201d: Kho\u1ea3ng Tr\u1ed1ng M\u00e0 Ph\u1ea7n L\u1edbn Startup Kh\u00f4ng Nh\u00ecn Th\u1ea5y<\/span><\/a><\/span>\t\t\t\t\t\t\t\t\t<\/li>\r\n\t\t\t\t\t\t\t\t<\/ul>\r\n\r\n\t\t\t\t\t\t\t\t\t\t\t\t\t\t\t\t<h2><a href=\"https:\/\/se-lotus.vn\/index.php\/2026\/02\/22\/tu-y-tuong-hay-den-doanh-nghiep-song-duoc-khoang-trong-ma-phan-lon-startup-khong-nhin-thay\/\">T\u1eeb \u201c\u00dd T\u01b0\u1edfng Hay\u201d \u0110\u1ebfn \u201cDoanh <\/a>\r\n\t\t\t\t\t\t\t\t<\/h2>\r\n\t\t\t\t\t\t\t\t<div class=\"btn-box\">\r\n\t\t\t\t\t\t\t\t\t<a href=\"https:\/\/se-lotus.vn\/index.php\/2026\/02\/22\/tu-y-tuong-hay-den-doanh-nghiep-song-duoc-khoang-trong-ma-phan-lon-startup-khong-nhin-thay\/\">More Details<\/a>\r\n\t\t\t\t\t\t\t\t<\/div>\r\n\t\t\t\t\t\t\t<\/div>\r\n\t\t\t\t\t\t<\/div>\r\n\t\t\t\t\t<\/div>\r\n\t\t\t\t\t<!--End Blog One Single-->\r\n\t\t\t\t\t\t\t\t\t<!--Start Blog One Single-->\r\n\t\t\t\t\t<div class=\"col-xl-4 col-lg-4 wow fadeInUp\" data-wow-delay=\".3s\">\r\n\t\t\t\t\t\t<div class=\"blog-one__single\">\r\n\t\t\t\t\t\t\t<div class=\"blog-one__single-img\">\r\n\t\t\t\t\t\t\t\t<img decoding=\"async\" width=\"370\" height=\"290\" src=\"https:\/\/se-lotus.vn\/wp-content\/uploads\/2026\/02\/dao-tao-CEO-370x290.jpeg\" class=\"attachment-ontech_blog_370X290 size-ontech_blog_370X290 wp-post-image\" alt=\"\" \/>\t\t\t\t\t\t\t\t\t\t\t\t\t\t\t\t\t<div class=\"text-box\">\u0110\u00e0o t\u1ea1o<\/div>\r\n\t\t\t\t\t\t\t\t\t\t\t\t\t\t\t<\/div>\r\n\t\t\t\t\t\t\t<div class=\"blog-one__single-content\">\r\n\t\t\t\t\t\t\t\t<ul class=\"meta-box ml-0\">\r\n\t\t\t\t\t\t\t\t\t<li>\r\n\t\t\t\t\t\t\t\t\t\t<span class=\"byline\"><i class=\"ontech-icons-two-user\"><\/i> <span><a class=\"url fn n\" href=\"https:\/\/se-lotus.vn\/index.php\/author\/hotung\/\">By H\u1ed3 T\u00f9ng<\/a><\/span><\/span>\t\t\t\t\t\t\t\t\t<\/li>\r\n\r\n\t\t\t\t\t\t\t\t\t<li>\r\n\t\t\t\t\t\t\t\t\t\t<span class=\"comments-link\"><i class=\"ontech-icons-two-chat\"><\/i> <a href=\"https:\/\/se-lotus.vn\/index.php\/2026\/02\/05\/tu-duy-ceo-mot-nang-luc-co-the-hoc-khong-phai-to-chat-bam-sinh\/#respond\">No Comment<span class=\"screen-reader-text\"> on T\u01b0 duy CEO: m\u1ed9t n\u0103ng l\u1ef1c c\u00f3 th\u1ec3 h\u1ecdc, kh\u00f4ng ph\u1ea3i t\u1ed1 ch\u1ea5t b\u1ea9m sinh<\/span><\/a><\/span>\t\t\t\t\t\t\t\t\t<\/li>\r\n\t\t\t\t\t\t\t\t<\/ul>\r\n\r\n\t\t\t\t\t\t\t\t\t\t\t\t\t\t\t\t<h2><a href=\"https:\/\/se-lotus.vn\/index.php\/2026\/02\/05\/tu-duy-ceo-mot-nang-luc-co-the-hoc-khong-phai-to-chat-bam-sinh\/\">T\u01b0 duy CEO: m\u1ed9t n\u0103ng l\u1ef1c c\u00f3 th\u1ec3 h?<\/a>\r\n\t\t\t\t\t\t\t\t<\/h2>\r\n\t\t\t\t\t\t\t\t<div class=\"btn-box\">\r\n\t\t\t\t\t\t\t\t\t<a href=\"https:\/\/se-lotus.vn\/index.php\/2026\/02\/05\/tu-duy-ceo-mot-nang-luc-co-the-hoc-khong-phai-to-chat-bam-sinh\/\">More Details<\/a>\r\n\t\t\t\t\t\t\t\t<\/div>\r\n\t\t\t\t\t\t\t<\/div>\r\n\t\t\t\t\t\t<\/div>\r\n\t\t\t\t\t<\/div>\r\n\t\t\t\t\t<!--End Blog One Single-->\r\n\t\t\t\t\t\t\t\t\t<!--Start Blog One Single-->\r\n\t\t\t\t\t<div class=\"col-xl-4 col-lg-4 wow fadeInUp\" data-wow-delay=\".3s\">\r\n\t\t\t\t\t\t<div class=\"blog-one__single\">\r\n\t\t\t\t\t\t\t<div class=\"blog-one__single-img\">\r\n\t\t\t\t\t\t\t\t<img decoding=\"async\" width=\"370\" height=\"290\" src=\"https:\/\/se-lotus.vn\/wp-content\/uploads\/2026\/01\/Ky-ket-hiep-hoi-Gia-Dinh-Selotus-Phai-doan-Phap-370x290.jpg\" class=\"attachment-ontech_blog_370X290 size-ontech_blog_370X290 wp-post-image\" alt=\"\" \/>\t\t\t\t\t\t\t\t\t\t\t\t\t\t\t\t\t<div class=\"text-box\">Ho\u1ea1t \u0111\u1ed9ng doanh nghi\u1ec7p<\/div>\r\n\t\t\t\t\t\t\t\t\t\t\t\t\t\t\t<\/div>\r\n\t\t\t\t\t\t\t<div class=\"blog-one__single-content\">\r\n\t\t\t\t\t\t\t\t<ul class=\"meta-box ml-0\">\r\n\t\t\t\t\t\t\t\t\t<li>\r\n\t\t\t\t\t\t\t\t\t\t<span class=\"byline\"><i class=\"ontech-icons-two-user\"><\/i> <span><a class=\"url fn n\" href=\"https:\/\/se-lotus.vn\/index.php\/author\/hotung\/\">By H\u1ed3 T\u00f9ng<\/a><\/span><\/span>\t\t\t\t\t\t\t\t\t<\/li>\r\n\r\n\t\t\t\t\t\t\t\t\t<li>\r\n\t\t\t\t\t\t\t\t\t\t<span class=\"comments-link\"><i class=\"ontech-icons-two-chat\"><\/i> <a href=\"https:\/\/se-lotus.vn\/index.php\/2026\/01\/16\/se-lotus-tham-du-le-ky-ket-hop-tac-chien-luoc-giua-gdba-va-phai-doan-phap-mo-ra-co-hoi-ket-noi-quoc-te\/#respond\">No Comment<span class=\"screen-reader-text\"> on Se-lotus tham d\u1ef1 l\u1ec5 k\u00fd k\u1ebft h\u1ee3p t\u00e1c chi\u1ebfn l\u01b0\u1ee3c gi\u1eefa GDBA v\u00e0 Ph\u00e1i \u0111o\u00e0n Ph\u00e1p \u2013 M\u1edf ra c\u01a1 h\u1ed9i k\u1ebft n\u1ed1i qu\u1ed1c t\u1ebf<\/span><\/a><\/span>\t\t\t\t\t\t\t\t\t<\/li>\r\n\t\t\t\t\t\t\t\t<\/ul>\r\n\r\n\t\t\t\t\t\t\t\t\t\t\t\t\t\t\t\t<h2><a href=\"https:\/\/se-lotus.vn\/index.php\/2026\/01\/16\/se-lotus-tham-du-le-ky-ket-hop-tac-chien-luoc-giua-gdba-va-phai-doan-phap-mo-ra-co-hoi-ket-noi-quoc-te\/\">Se-lotus tham d\u1ef1 l\u1ec5 k\u00fd k\u1ebft h\u1ee3p t\u00e1<\/a>\r\n\t\t\t\t\t\t\t\t<\/h2>\r\n\t\t\t\t\t\t\t\t<div class=\"btn-box\">\r\n\t\t\t\t\t\t\t\t\t<a href=\"https:\/\/se-lotus.vn\/index.php\/2026\/01\/16\/se-lotus-tham-du-le-ky-ket-hop-tac-chien-luoc-giua-gdba-va-phai-doan-phap-mo-ra-co-hoi-ket-noi-quoc-te\/\">More Details<\/a>\r\n\t\t\t\t\t\t\t\t<\/div>\r\n\t\t\t\t\t\t\t<\/div>\r\n\t\t\t\t\t\t<\/div>\r\n\t\t\t\t\t<\/div>\r\n\t\t\t\t\t<!--End Blog One Single-->\r\n\t\t\t\t\t\t\t\t\t<!--Start Blog One Single-->\r\n\t\t\t\t\t<div class=\"col-xl-4 col-lg-4 wow fadeInUp\" data-wow-delay=\".3s\">\r\n\t\t\t\t\t\t<div class=\"blog-one__single\">\r\n\t\t\t\t\t\t\t<div class=\"blog-one__single-img\">\r\n\t\t\t\t\t\t\t\t<img loading=\"lazy\" decoding=\"async\" width=\"370\" height=\"290\" src=\"https:\/\/se-lotus.vn\/wp-content\/uploads\/2026\/01\/gen-h-z7435874302590_b95bc82892633c6a79e2d35dc32283da-370x290.jpg\" class=\"attachment-ontech_blog_370X290 size-ontech_blog_370X290 wp-post-image\" alt=\"\" \/>\t\t\t\t\t\t\t\t\t\t\t\t\t\t\t\t\t<div class=\"text-box\">Ho\u1ea1t \u0111\u1ed9ng doanh nghi\u1ec7p<\/div>\r\n\t\t\t\t\t\t\t\t\t\t\t\t\t\t\t<\/div>\r\n\t\t\t\t\t\t\t<div class=\"blog-one__single-content\">\r\n\t\t\t\t\t\t\t\t<ul class=\"meta-box ml-0\">\r\n\t\t\t\t\t\t\t\t\t<li>\r\n\t\t\t\t\t\t\t\t\t\t<span class=\"byline\"><i class=\"ontech-icons-two-user\"><\/i> <span><a class=\"url fn n\" href=\"https:\/\/se-lotus.vn\/index.php\/author\/hotung\/\">By H\u1ed3 T\u00f9ng<\/a><\/span><\/span>\t\t\t\t\t\t\t\t\t<\/li>\r\n\r\n\t\t\t\t\t\t\t\t\t<li>\r\n\t\t\t\t\t\t\t\t\t\t<span class=\"comments-link\"><i class=\"ontech-icons-two-chat\"><\/i> <a href=\"https:\/\/se-lotus.vn\/index.php\/2026\/01\/16\/selotus-khoi-dong-chuoi-ket-noi-doi-tac-chien-luoc-dat-nen-mong-cho-hanh-trinh-but-pha-nam-2025\/#respond\">No Comment<span class=\"screen-reader-text\"> on Selotus kh\u1edfi \u0111\u1ed9ng chu\u1ed7i k\u1ebft n\u1ed1i \u0111\u1ed1i t\u00e1c chi\u1ebfn l\u01b0\u1ee3c \u2013 \u0110\u1eb7t n\u1ec1n m\u00f3ng cho h\u00e0nh tr\u00ecnh b\u1ee9t ph\u00e1 n\u0103m 2025<\/span><\/a><\/span>\t\t\t\t\t\t\t\t\t<\/li>\r\n\t\t\t\t\t\t\t\t<\/ul>\r\n\r\n\t\t\t\t\t\t\t\t\t\t\t\t\t\t\t\t<h2><a href=\"https:\/\/se-lotus.vn\/index.php\/2026\/01\/16\/selotus-khoi-dong-chuoi-ket-noi-doi-tac-chien-luoc-dat-nen-mong-cho-hanh-trinh-but-pha-nam-2025\/\">Selotus kh\u1edfi \u0111\u1ed9ng chu\u1ed7i k\u1ebft n\u1ed1i <\/a>\r\n\t\t\t\t\t\t\t\t<\/h2>\r\n\t\t\t\t\t\t\t\t<div class=\"btn-box\">\r\n\t\t\t\t\t\t\t\t\t<a href=\"https:\/\/se-lotus.vn\/index.php\/2026\/01\/16\/selotus-khoi-dong-chuoi-ket-noi-doi-tac-chien-luoc-dat-nen-mong-cho-hanh-trinh-but-pha-nam-2025\/\">More Details<\/a>\r\n\t\t\t\t\t\t\t\t<\/div>\r\n\t\t\t\t\t\t\t<\/div>\r\n\t\t\t\t\t\t<\/div>\r\n\t\t\t\t\t<\/div>\r\n\t\t\t\t\t<!--End Blog One Single-->\r\n\t\t\t\t\t\t\t\t\t<!--Start Blog One Single-->\r\n\t\t\t\t\t<div class=\"col-xl-4 col-lg-4 wow fadeInUp\" data-wow-delay=\".3s\">\r\n\t\t\t\t\t\t<div class=\"blog-one__single\">\r\n\t\t\t\t\t\t\t<div class=\"blog-one__single-img\">\r\n\t\t\t\t\t\t\t\t<img loading=\"lazy\" decoding=\"async\" width=\"370\" height=\"290\" src=\"https:\/\/se-lotus.vn\/wp-content\/uploads\/2026\/01\/IMG_20251024_1202221-370x290.jpg\" class=\"attachment-ontech_blog_370X290 size-ontech_blog_370X290 wp-post-image\" alt=\"\" \/>\t\t\t\t\t\t\t\t\t\t\t\t\t\t\t\t\t<div class=\"text-box\">Ho\u1ea1t \u0111\u1ed9ng doanh nghi\u1ec7p<\/div>\r\n\t\t\t\t\t\t\t\t\t\t\t\t\t\t\t<\/div>\r\n\t\t\t\t\t\t\t<div class=\"blog-one__single-content\">\r\n\t\t\t\t\t\t\t\t<ul class=\"meta-box ml-0\">\r\n\t\t\t\t\t\t\t\t\t<li>\r\n\t\t\t\t\t\t\t\t\t\t<span class=\"byline\"><i class=\"ontech-icons-two-user\"><\/i> <span><a class=\"url fn n\" href=\"https:\/\/se-lotus.vn\/index.php\/author\/hotung\/\">By H\u1ed3 T\u00f9ng<\/a><\/span><\/span>\t\t\t\t\t\t\t\t\t<\/li>\r\n\r\n\t\t\t\t\t\t\t\t\t<li>\r\n\t\t\t\t\t\t\t\t\t\t<span class=\"comments-link\"><i class=\"ontech-icons-two-chat\"><\/i> <a href=\"https:\/\/se-lotus.vn\/index.php\/2026\/01\/15\/selotus-dong-hanh-cung-doanh-nghiep-tp-hcm-to-chuc-thanh-cong-03-chuong-trinh-phat-trien-doanh-nghiep-nam-2025\/#respond\">No Comment<span class=\"screen-reader-text\"> on Selotus \u0111\u1ed3ng h\u00e0nh c\u00f9ng doanh nghi\u1ec7p TP.HCM \u2013 T\u1ed5 ch\u1ee9c th\u00e0nh c\u00f4ng 03 ch\u01b0\u01a1ng tr\u00ecnh ph\u00e1t tri\u1ec3n doanh nghi\u1ec7p n\u0103m 2025<\/span><\/a><\/span>\t\t\t\t\t\t\t\t\t<\/li>\r\n\t\t\t\t\t\t\t\t<\/ul>\r\n\r\n\t\t\t\t\t\t\t\t\t\t\t\t\t\t\t\t<h2><a href=\"https:\/\/se-lotus.vn\/index.php\/2026\/01\/15\/selotus-dong-hanh-cung-doanh-nghiep-tp-hcm-to-chuc-thanh-cong-03-chuong-trinh-phat-trien-doanh-nghiep-nam-2025\/\">Selotus \u0111\u1ed3ng h\u00e0nh c\u00f9ng doanh nghi\u1ec7p <\/a>\r\n\t\t\t\t\t\t\t\t<\/h2>\r\n\t\t\t\t\t\t\t\t<div class=\"btn-box\">\r\n\t\t\t\t\t\t\t\t\t<a href=\"https:\/\/se-lotus.vn\/index.php\/2026\/01\/15\/selotus-dong-hanh-cung-doanh-nghiep-tp-hcm-to-chuc-thanh-cong-03-chuong-trinh-phat-trien-doanh-nghiep-nam-2025\/\">More Details<\/a>\r\n\t\t\t\t\t\t\t\t<\/div>\r\n\t\t\t\t\t\t\t<\/div>\r\n\t\t\t\t\t\t<\/div>\r\n\t\t\t\t\t<\/div>\r\n\t\t\t\t\t<!--End Blog One Single-->\r\n\t\t\t\t\t\t\t\t\t<!--Start Blog One Single-->\r\n\t\t\t\t\t<div class=\"col-xl-4 col-lg-4 wow fadeInUp\" data-wow-delay=\".3s\">\r\n\t\t\t\t\t\t<div class=\"blog-one__single\">\r\n\t\t\t\t\t\t\t<div class=\"blog-one__single-img\">\r\n\t\t\t\t\t\t\t\t<img loading=\"lazy\" decoding=\"async\" width=\"370\" height=\"290\" src=\"https:\/\/se-lotus.vn\/wp-content\/uploads\/2026\/01\/IMG_20260112_220135-370x290.jpg\" class=\"attachment-ontech_blog_370X290 size-ontech_blog_370X290 wp-post-image\" alt=\"\" \/>\t\t\t\t\t\t\t\t\t\t\t\t\t\t\t\t\t<div class=\"text-box\">Ho\u1ea1t \u0111\u1ed9ng doanh nghi\u1ec7p<\/div>\r\n\t\t\t\t\t\t\t\t\t\t\t\t\t\t\t<\/div>\r\n\t\t\t\t\t\t\t<div class=\"blog-one__single-content\">\r\n\t\t\t\t\t\t\t\t<ul class=\"meta-box ml-0\">\r\n\t\t\t\t\t\t\t\t\t<li>\r\n\t\t\t\t\t\t\t\t\t\t<span class=\"byline\"><i class=\"ontech-icons-two-user\"><\/i> <span><a class=\"url fn n\" href=\"https:\/\/se-lotus.vn\/index.php\/author\/hotung\/\">By H\u1ed3 T\u00f9ng<\/a><\/span><\/span>\t\t\t\t\t\t\t\t\t<\/li>\r\n\r\n\t\t\t\t\t\t\t\t\t<li>\r\n\t\t\t\t\t\t\t\t\t\t<span class=\"comments-link\"><i class=\"ontech-icons-two-chat\"><\/i> <a href=\"https:\/\/se-lotus.vn\/index.php\/2026\/01\/15\/selotus-duoc-vinh-danh-thuong-hieu-so-1-tai-doanh-nhan-thang-long-2025\/#respond\">No Comment<span class=\"screen-reader-text\"> on Selotus \u0111\u01b0\u1ee3c vinh danh Th\u01b0\u01a1ng hi\u1ec7u s\u1ed1 1 t\u1ea1i Doanh nh\u00e2n Th\u0103ng Long 2025<\/span><\/a><\/span>\t\t\t\t\t\t\t\t\t<\/li>\r\n\t\t\t\t\t\t\t\t<\/ul>\r\n\r\n\t\t\t\t\t\t\t\t\t\t\t\t\t\t\t\t<h2><a href=\"https:\/\/se-lotus.vn\/index.php\/2026\/01\/15\/selotus-duoc-vinh-danh-thuong-hieu-so-1-tai-doanh-nhan-thang-long-2025\/\">Selotus \u0111\u01b0\u1ee3c vinh danh Th\u01b0\u01a1ng hi\u1ec7u <\/a>\r\n\t\t\t\t\t\t\t\t<\/h2>\r\n\t\t\t\t\t\t\t\t<div class=\"btn-box\">\r\n\t\t\t\t\t\t\t\t\t<a href=\"https:\/\/se-lotus.vn\/index.php\/2026\/01\/15\/selotus-duoc-vinh-danh-thuong-hieu-so-1-tai-doanh-nhan-thang-long-2025\/\">More Details<\/a>\r\n\t\t\t\t\t\t\t\t<\/div>\r\n\t\t\t\t\t\t\t<\/div>\r\n\t\t\t\t\t\t<\/div>\r\n\t\t\t\t\t<\/div>\r\n\t\t\t\t\t<!--End Blog One Single-->\r\n\t\t\t\t\t\t\t\t\t\t\t\t\t<div class=\"col-lg-12\">\r\n\t\t\t\t\t\t<div class=\"blog-pagination wp-pagination portfolio-page__btn-box justify-content-center text-center\">\r\n\t\t\t\t\t\t\t<span class=\"page-numbers current\">1<\/span>\n<a class=\"page-numbers\" href=\"https:\/\/se-lotus.vn\/index.php\/wp-json\/wp\/v2\/pages\/37\/page\/2\/\">2<\/a>\n<a class=\"next page-numbers\" href=\"https:\/\/se-lotus.vn\/index.php\/wp-json\/wp\/v2\/pages\/37\/page\/2\/\"><span><i class=\"icon-right-arrow2\"><\/i><\/span><\/a>\t\t\t\t\t\t<\/div><!-- \/.blog-post-pagination -->\r\n\t\t\t\t\t<\/div><!-- \/.col-lg-12 -->\r\n\t\t\t\t\t\t\t\t\t\t\t<\/div>\r\n\t\t<\/div>\r\n\t<\/section>\r\n\t<!--End Blog One-->\r\n\r\n\t\t<\/div>\n\t\t\t\t<\/div>\n\t\t\t\t\t<\/div>\n\t\t<\/div>\n\t\t\t\t\t<\/div>\n\t\t<\/section>\n\t\t\t\t<\/div>\n\t\t","protected":false},"excerpt":{"rendered":"<p>Digital Marketing By Admin No Comment on Advancing Cybersecurity to Protect Your Business Advancing Cybersecurity to Protect Your Business More Details Affiliate Marketing By Admin No Comment on Creating a Purpose-Driven Tech Culture at Chase Creating a Purpose-Driven Tech Culture at Chase More Details IT Solution By Admin No Comment on Maintain as a Beginner [&hellip;]<\/p>\n","protected":false},"author":1,"featured_media":0,"parent":0,"menu_order":0,"comment_status":"closed","ping_status":"closed","template":"elementor_header_footer","meta":{"_monsterinsights_skip_tracking":false,"_monsterinsights_sitenote_active":false,"_monsterinsights_sitenote_note":"","_monsterinsights_sitenote_category":0,"footnotes":""},"class_list":["post-37","page","type-page","status-publish","hentry"],"aioseo_notices":[],"_links":{"self":[{"href":"https:\/\/se-lotus.vn\/index.php\/wp-json\/wp\/v2\/pages\/37","targetHints":{"allow":["GET"]}}],"collection":[{"href":"https:\/\/se-lotus.vn\/index.php\/wp-json\/wp\/v2\/pages"}],"about":[{"href":"https:\/\/se-lotus.vn\/index.php\/wp-json\/wp\/v2\/types\/page"}],"author":[{"embeddable":true,"href":"https:\/\/se-lotus.vn\/index.php\/wp-json\/wp\/v2\/users\/1"}],"replies":[{"embeddable":true,"href":"https:\/\/se-lotus.vn\/index.php\/wp-json\/wp\/v2\/comments?post=37"}],"version-history":[{"count":0,"href":"https:\/\/se-lotus.vn\/index.php\/wp-json\/wp\/v2\/pages\/37\/revisions"}],"wp:attachment":[{"href":"https:\/\/se-lotus.vn\/index.php\/wp-json\/wp\/v2\/media?parent=37"}],"curies":[{"name":"wp","href":"https:\/\/api.w.org\/{rel}","templated":true}]}}